{"id":5855,"date":"2024-07-16T08:47:59","date_gmt":"2024-07-16T08:47:59","guid":{"rendered":"https:\/\/www.ancui.hr\/hr\/listing\/la-casa-di-kyra\/"},"modified":"2025-06-30T13:18:35","modified_gmt":"2025-06-30T13:18:35","slug":"la-casa-di-kyra","status":"publish","type":"listing","link":"https:\/\/www.ancui.hr\/hr\/listing\/la-casa-di-kyra\/","title":{"rendered":"La Casa di Kyra"},"content":{"rendered":"<p>Dobrodo\u0161li u prekrasnu ku\u0107u za odmor La Casa di Kyra, smje\u0161tenu u mirnom okru\u017eenju okru\u017eenom zelenilom u Istri. Ova prostrana ku\u0107a pru\u017ea 300 \u010detvornih metara \u017eivotnog prostora, s 3 spava\u0107ih soba, 3 dnevna boravka (od kojih 2 imaju kau\u010d na rasklapanje za 2 osobe), dvije potpune kupaonice, dodatni WC i tu\u0161eve, te mo\u017ee ugostiti do 10 gostiju.<\/p>\n<p>U\u017eivajte u plivanju u privatnom bazenu ili se opustite u sauni nakon dana istra\u017eivanja prekrasne Istre. U ve\u010dernjim satima, mo\u017eete se opustiti na terasi sa prostorom za sjedenje, blagovaoni ili dnevnom boravku na galeriji. Ku\u0107a je klimatizirana za va\u0161u udobnost, bez obzira na vremenske uvjete.<\/p>\n<p>Kuhinja je potpuno opremljena svim modernim sadr\u017eajima, uklju\u010duju\u0107i perilicu posu\u0111a, kuhalo za vodu i aparat za kavu. Tako\u0111er, za va\u0161u udobnost, ku\u0107a je opremljena posteljinom, televizorom i su\u0161ilom za kosu.<\/p>\n<p>Ova ku\u0107a za odmor idealna je za dugoro\u010dni najam. Molimo da imate na umu da je ku\u0107a namijenjena samo za nepu\u0161a\u010de.<\/p>\n<p>U\u017eivajte u udobnosti i luksuzu ove prekrasne ku\u0107e za odmor, okru\u017eene prirodnim ljepotama Istre. Pogledajte fotografije kako biste vidjeli sve \u0161to vam La Casa di Kyra mo\u017ee ponuditi. <\/p>\n<p>Bez obzira jeste li ovdje za odmor, posao ili samo bijeg od svakodnevice, La Casa di Kyra je savr\u0161eno mjesto za vas. Dobrodo\u0161li!<\/p>\n","protected":false},"excerpt":{"rendered":"<p>Dobrodo\u0161li u prekrasnu ku\u0107u za odmor La Casa di Kyra, smje\u0161tenu u mirnom okru\u017eenju okru\u017eenom zelenilom u Istri. Ova prostrana ku\u0107a pru\u017ea 300 \u010detvornih metara \u017eivotnog prostora, s 3 spava\u0107ih soba, 3 dnevna boravka (od kojih 2 imaju kau\u010d na rasklapanje za 2 osobe), dvije potpune kupaonice, dodatni WC i tu\u0161eve, te mo\u017ee ugostiti do [&hellip;]<\/p>\n","protected":false},"author":7,"featured_media":5811,"parent":0,"menu_order":0,"template":"","listing_type":[187],"room_type":[136],"amenities":[139,148,179,137,144,146,143,153,172,138,147,171,195,151,38,186,170,149,141,192,150,152,142,154],"facilities":[166,157,155,165,158],"listing_countries":[159],"listing_states":[206],"listing_cities":[],"listing_areas":[],"class_list":["post-5855","listing","type-listing","status-publish","has-post-thumbnail","hentry","listing_type-vila","room_type-cijeli-objekt","listing_amenity-aparat-za-kavu","listing_amenity-frizider-hr","listing_amenity-grijanje","listing_amenity-klima","listing_amenity-kuhalo-za-vodu","listing_amenity-pecnica","listing_amenity-pegla","listing_amenity-perilica-za-rublje","listing_amenity-perilica-za-sude","listing_amenity-pribor-za-jelo-i-posude","listing_amenity-privatni-ulaz","listing_amenity-putni-krevetic","listing_amenity-rostilj","listing_amenity-rucnici-posteljina-sapun-wc-papir-i-jastuci","listing_amenity-sauna","listing_amenity-sjedalica-za-bebe","listing_amenity-smart-tv-hr","listing_amenity-stednjak","listing_amenity-susilo-za-kosu","listing_amenity-teretana","listing_amenity-toster","listing_amenity-tv-hr","listing_amenity-vjesalice","listing_amenity-wi-fi-hr","listing_facility-bazen","listing_facility-besplatni-parking-unutar-objekta","listing_facility-rostilj","listing_facility-terasa-ili-balkon","listing_facility-vrt-ili-dvoriste","listing_country-hrvatska-hr","listing_state-istarska-zupanija"],"acf":[],"_links":{"self":[{"href":"https:\/\/www.ancui.hr\/hr\/wp-json\/wp\/v2\/listings\/5855","targetHints":{"allow":["GET"]}}],"collection":[{"href":"https:\/\/www.ancui.hr\/hr\/wp-json\/wp\/v2\/listings"}],"about":[{"href":"https:\/\/www.ancui.hr\/hr\/wp-json\/wp\/v2\/types\/listing"}],"author":[{"embeddable":true,"href":"https:\/\/www.ancui.hr\/hr\/wp-json\/wp\/v2\/users\/7"}],"version-history":[{"count":1,"href":"https:\/\/www.ancui.hr\/hr\/wp-json\/wp\/v2\/listings\/5855\/revisions"}],"predecessor-version":[{"id":5856,"href":"https:\/\/www.ancui.hr\/hr\/wp-json\/wp\/v2\/listings\/5855\/revisions\/5856"}],"wp:featuredmedia":[{"embeddable":true,"href":"https:\/\/www.ancui.hr\/hr\/wp-json\/wp\/v2\/media\/5811"}],"wp:attachment":[{"href":"https:\/\/www.ancui.hr\/hr\/wp-json\/wp\/v2\/media?parent=5855"}],"wp:term":[{"taxonomy":"listing_type","embeddable":true,"href":"https:\/\/www.ancui.hr\/hr\/wp-json\/wp\/v2\/listing_type?post=5855"},{"taxonomy":"room_type","embeddable":true,"href":"https:\/\/www.ancui.hr\/hr\/wp-json\/wp\/v2\/room_type?post=5855"},{"taxonomy":"listing_amenity","embeddable":true,"href":"https:\/\/www.ancui.hr\/hr\/wp-json\/wp\/v2\/amenities?post=5855"},{"taxonomy":"listing_facility","embeddable":true,"href":"https:\/\/www.ancui.hr\/hr\/wp-json\/wp\/v2\/facilities?post=5855"},{"taxonomy":"listing_country","embeddable":true,"href":"https:\/\/www.ancui.hr\/hr\/wp-json\/wp\/v2\/listing_countries?post=5855"},{"taxonomy":"listing_state","embeddable":true,"href":"https:\/\/www.ancui.hr\/hr\/wp-json\/wp\/v2\/listing_states?post=5855"},{"taxonomy":"listing_city","embeddable":true,"href":"https:\/\/www.ancui.hr\/hr\/wp-json\/wp\/v2\/listing_cities?post=5855"},{"taxonomy":"listing_area","embeddable":true,"href":"https:\/\/www.ancui.hr\/hr\/wp-json\/wp\/v2\/listing_areas?post=5855"}],"curies":[{"name":"wp","href":"https:\/\/api.w.org\/{rel}","templated":true}]}}

<p>Dobrodošli u prekrasnu kuću za odmor La Casa di Kyra, smještenu u mirnom okruženju okruženom zelenilom u Istri. Ova prostrana kuća pruža 300 četvornih metara životnog prostora, s 3 spavaćih soba, 3 dnevna boravka (od kojih 2 imaju kauč na rasklapanje za 2 osobe), dvije potpune kupaonice, dodatni WC i tuševe, te može ugostiti do 10 gostiju.</p>
<p>Uživajte u plivanju u privatnom bazenu ili se opustite u sauni nakon dana istraživanja prekrasne Istre. U večernjim satima, možete se opustiti na terasi sa prostorom za sjedenje, blagovaoni ili dnevnom boravku na galeriji. Kuća je klimatizirana za vašu udobnost, bez obzira na vremenske uvjete.</p>
<p>Kuhinja je potpuno opremljena svim modernim sadržajima, uključujući perilicu posuđa, kuhalo za vodu i aparat za kavu. Također, za vašu udobnost, kuća je opremljena posteljinom, televizorom i sušilom za kosu.</p>
<p>Ova kuća za odmor idealna je za dugoročni najam. Molimo da imate na umu da je kuća namijenjena samo za nepušače.</p>
<p>Uživajte u udobnosti i luksuzu ove prekrasne kuće za odmor, okružene prirodnim ljepotama Istre. Pogledajte fotografije kako biste vidjeli sve što vam La Casa di Kyra može ponuditi. </p>
<p>Bez obzira jeste li ovdje za odmor, posao ili samo bijeg od svakodnevice, La Casa di Kyra je savršeno mjesto za vas. Dobrodošli!</p>

<p>Dobrodošli u prekrasnu kuću za odmor La Casa di Kyra, smještenu u mirnom okruženju okruženom zelenilom u Istri. Ova prostrana kuća pruža 300 četvornih metara životnog prostora, s 3 spavaćih soba, 3 dnevna boravka (od kojih 2 imaju kauč na rasklapanje za 2 osobe), dvije potpune kupaonice, dodatni WC i tuševe, te može ugostiti do [&hellip;]</p>
